e highest common factor of 624 and 12402.
78
Calculate the greatest common factor of 50 and 160005.
5
Calculate the greatest common divisor of 154 and 169301.
11
What is the greatest common factor of 328 and 1125040?
328
What is the greatest common divisor of 2242 and 1711?
59
Calculate the highest common factor of 48057 and 18.
3
What is the greatest common divisor of 6162 and 17538?
474
What is the highest common factor of 42127 and 57669?
409
Calculate the greatest common divisor of 191616 and 888.
24
Calculate the highest common divisor of 1575990 and 1170.
1170
What is the greatest common factor of 2090 and 814?
22
Calculate the greatest common divisor of 856 and 3218132.
428
What is the highest common divisor of 26581 and 4161?
19
Calculate the greatest common divisor of 1176 and 301644.
588
What is the highest common divisor of 8 and 30977?
1
What is the greatest common factor of 8008 and 343343?
1001
What is the highest common divisor of 31302 and 213120?
666
Calculate the highest common factor of 2023 and 14042.
119
Calculate the highest common factor of 52 and 6721.
13
What is the highest common divisor of 753 and 1388281?
251
Calculate the greatest common factor of 1206642 and 6.
6
Calculate the highest common divisor of 843369 and 657.
219
What is the highest common factor of 1026 and 38340?
54
What is the highest common divisor of 867 and 18?
3
What is the greatest common factor of 268 and 129578?
134
Calculate the highest common divisor of 112500 and 2625.
375
What is the highest common divisor of 848 and 94552?
424
What is the greatest common factor of 2565 and 100719?
171
What is the highest common divisor of 4840 and 18040?
440
Calculate the highest common factor of 75 and 190425.
75
Calculate the greatest common divisor of 54 and 1302.
6
What is the greatest common factor of 459 and 270?
27
Calculate the highest common divisor of 965988 and 12.
12
What is the highest common factor of 10981 and 6241?
79
Calculate the greatest common divisor of 2529001 and 106.
53
What is the greatest common factor of 40565 and 15?
5
What is the highest common factor of 1378924 and 344?
172
Calculate the greatest common divisor of 18 and 65202.
6
What is the greatest common divisor of 218 and 23108?
218
Calculate the highest common divisor of 219975 and 35.
35
Calculate the greatest common divisor of 3139843 and 1099.
1099
Calculate the highest common divisor of 13776 and 10947.
123
What is the greatest common factor of 7650 and 388450?
850
What is the greatest common divisor of 5401004 and 1876?
1876
What is the greatest common factor of 18 and 17554392?
18
Calculate the highest common factor of 26743 and 141.
47
What is the greatest common divisor of 60411 and 13?
13
Calculate the highest common divisor of 754250 and 2100.
350
Calculate the highest common divisor of 16 and 580908.
4
What is the greatest common factor of 361840 and 760?
40
What is the greatest common divisor of 64 and 52928?
64
Calculate the greatest common divisor of 1066 and 345302.
82
What is the greatest common divisor of 308900 and 500?
100
Calculate the greatest common divisor of 16545 and 60.
15
What is the highest common divisor of 1851 and 5349?
3
What is the greatest common divisor of 369574 and 328?
82
What is the greatest common factor of 80 and 140?
20
Calculate the highest common factor of 43123 and 319.
29
What is the highest common factor of 101738 and 546?
182
Calculate the greatest common factor of 2194740 and 1096.
548
Calculate the greatest common factor of 368 and 118358.
46
Calculate the highest common factor of 6809 and 11.
11
Calculate the greatest common divisor of 147 and 4523435.
49
Calculate the greatest common factor of 282 and 48363.
141
What is the highest common divisor of 817 and 11761?
19
Calculate the greatest common factor of 13 and 6045.
13
Calculate the highest common divisor of 72 and 5202.
18
Calculate the highest common factor of 385588 and 17108.
1316
What is the highest common factor of 161 and 55453?
23
Calculate the greatest common divisor of 161851 and 908.
227
Calculate the highest common factor of 9218 and 4378.
22
Calculate the highest common divisor of 211 and 1.
1
What is the highest common divisor of 2399255 and 2525?
505
What is the highest common divisor of 168 and 68124?
84
What is the greatest common factor of 4047724 and 736?
92
What is the highest common factor of 92910 and 23370?
570
Calculate the highest common factor of 12288 and 12.
12
What is the highest common divisor of 1200 and 142320?
240
What is the greatest common divisor of 14000 and 490?
70
Calculate the greatest common divisor of 523340 and 20.
20
What is the greatest common divisor of 1764 and 2407419?
441
Calculate the highest common divisor of 53196 and 104.
52
Calculate the greatest common factor of 78632 and 136.
8
Calculate the greatest common factor of 8096 and 6325.
253
What is the highest common divisor of 1926323 and 679?
679
Calculate the greatest common divisor of 40656 and 1008.
336
What is the highest common factor of 9150 and 854?
122
What is the greatest common divisor of 168 and 2961?
21
What is the highest common divisor of 9 and 385494?
3
Calculate the highest common factor of 40378 and 78.
26
What is the greatest common divisor of 31921 and 1096?
137
Calculate the highest common divisor of 162 and 1871334.
18
What is the greatest common divisor of 270409 and 1808?
113
Calculate the greatest common factor of 242 and 92323.
121
What is the greatest common divisor of 225 and 839175?
75
Calculate the greatest common factor of 1746 and 1422.
18
What is the highest common divisor of 390 and 130485?
15
Calculate the greatest common divisor of 201 and 380627.
67
Calculate the highest common divisor of 25549 and 609.
29
What is the highest common factor of 407450 and 5075?
725
Calculate the greatest common divisor of 1079214 and 423.
141
Calculate the greatest common factor of 32005 and 2249.
173
Calculate the highest common divisor of 187 and 455311.
17
What is the greatest common divisor of 56669 and 61?
61
What is the greatest common factor of 54 and 934?
2
Calculate the highest common divisor of 3302 and 1016.
254
What is the greatest common divisor of 40 and 132920?
40
Calculate the highest common divisor of 61950 and 714.
42
Calculate the highest common divisor of 4407 and 1248.
39
Calculate the greatest common factor of 648560 and 201.
67
Calculate the highest common divisor of 29655 and 3975.
15
What is the greatest common divisor of 90 and 46790?
10
What is the greatest common factor of 1048 and 15982?
262
What is the highest common factor of 2177 and 1437131?
311
Calculate the greatest common factor of 47773 and 645.
43
Calculate the highest common divisor of 3586 and 36838.
326
What is the highest common factor of 1294972 and 98?
98
Calculate the highest common divisor of 12561 and 10653.
159
Calculate the highest common factor of 8700 and 225.
75
What is the greatest common divisor of 2672350 and 25?
25
Calculate the greatest common factor of 3157223 and 51.
17
What is the greatest common divisor of 870534 and 25662?
1974
Calculate the greatest common factor of 4365 and 145.
5
Calculate the greatest common divisor of 1520 and 25745.
95
Calculate the highest common factor of 516708 and 4630.
926
What is the highest common factor of 167629 and 49?
49
Calculate the greatest common divisor of 706 and 120373.
353
Calculate the greatest common divisor of 9540 and 27613.
53
What is the highest common factor of 83226 and 429?
429
What is the highest common factor of 60 and 9612?
12
What is the highest common divisor of 47375 and 250?
125
Calculate the highest common factor of 126 and 25368.
42
What is the greatest common divisor of 5 and 506705?
5
What is the greatest common factor of 3382 and 1539?
19
Calculate the highest common divisor of 57 and 2251671.
57
Calculate the greatest common factor of 95296 and 64.
64
Calculate the highest common divisor of 2097 and 12118563.
2097
Calculate the greatest common divisor of 16 and 518768.
16
What is the highest common factor of 130 and 702?
26
Calculate the greatest common factor of 82 and 1598.
2
Calculate the highest common factor of 126 and 1374.
6
What is the greatest common factor of 76